{"id":838,"date":"2022-10-04T15:06:33","date_gmt":"2022-10-04T13:06:33","guid":{"rendered":"https:\/\/www.theklasien.at\/neu\/?page_id=838"},"modified":"2023-03-14T11:48:16","modified_gmt":"2023-03-14T10:48:16","slug":"wwoofen","status":"publish","type":"page","link":"https:\/\/www.theklasien.at\/neu\/wwoofen\/","title":{"rendered":"WWOOFen"},"content":{"rendered":"\n\n\n\n\n<p><strong> WWoof bedeutet:<\/strong> &#8220;We`re Welcome on organic farms&#8221; und ist eine weltweite Bewegung von Freiwilligen, die auf Biologischen H\u00f6fen mithelfen und aus Gastfreundschaft Kost und Logis bekommen. Dabei ist der Austausch mit Menschen, ob Jung oder Alt, unterschiedlicher Kulturen und Sprachen aus verschiedenen L\u00e4ndern f\u00fcr beide Seiten fruchtend. Es k\u00f6nnen Erfahrungen in Land-und Forstwirtschaftlichen T\u00e4tigkeiten, in Naturschutz und Landwirtschaft, im Erlernen fremder Sprachen und Kulturen und im Kennenlernen verschiedener Lebensphilosophien gemacht werden.<\/p>\n\n\n\n<figure class=\"wp-block-gallery has-nested-images columns-default is-cropped wp-block-gallery-1 is-layout-flex wp-block-gallery-is-layout-flex\">\n<figure class=\"wp-block-image size-large\"><img loading=\"lazy\" decoding=\"async\" width=\"1024\" height=\"768\" data-id=\"797\" src=\"https:\/\/www.theklasien.at\/neu\/wp-content\/uploads\/2022\/10\/juli-08-52-1024x768.jpg\" alt=\"\" class=\"wp-image-797\" srcset=\"https:\/\/www.theklasien.at\/neu\/wp-content\/uploads\/2022\/10\/juli-08-52-1024x768.jpg 1024w, https:\/\/www.theklasien.at\/neu\/wp-content\/uploads\/2022\/10\/juli-08-52-300x225.jpg 300w, https:\/\/www.theklasien.at\/neu\/wp-content\/uploads\/2022\/10\/juli-08-52-768x576.jpg 768w, https:\/\/www.theklasien.at\/neu\/wp-content\/uploads\/2022\/10\/juli-08-52-1536x1152.jpg 1536w, https:\/\/www.theklasien.at\/neu\/wp-content\/uploads\/2022\/10\/juli-08-52.jpg 1984w\" sizes=\"auto, (max-width: 1024px) 100vw, 1024px\" \/><figcaption class=\"wp-element-caption\">Elke Heidenreich die Belesene<\/figcaption><\/figure>\n\n\n\n<figure class=\"wp-block-image size-large\"><img loading=\"lazy\" decoding=\"async\" width=\"1024\" height=\"768\" data-id=\"772\" src=\"https:\/\/www.theklasien.at\/neu\/wp-content\/uploads\/2022\/10\/Schafe-5-1024x768.jpg\" alt=\"\" class=\"wp-image-772\" srcset=\"https:\/\/www.theklasien.at\/neu\/wp-content\/uploads\/2022\/10\/Schafe-5-1024x768.jpg 1024w, https:\/\/www.theklasien.at\/neu\/wp-content\/uploads\/2022\/10\/Schafe-5-300x225.jpg 300w, https:\/\/www.theklasien.at\/neu\/wp-content\/uploads\/2022\/10\/Schafe-5-768x576.jpg 768w, https:\/\/www.theklasien.at\/neu\/wp-content\/uploads\/2022\/10\/Schafe-5-1536x1152.jpg 1536w, https:\/\/www.theklasien.at\/neu\/wp-content\/uploads\/2022\/10\/Schafe-5.jpg 1984w\" sizes=\"auto, (max-width: 1024px) 100vw, 1024px\" \/><figcaption class=\"wp-element-caption\">Unsere Waldschafe<\/figcaption><\/figure>\n<\/figure>\n\n\n\n<div style=\"height:30px\" aria-hidden=\"true\" class=\"wp-block-spacer\"><\/div>\n\n\n\n<p>Wir durften schon viele WWoofer aus der ganzen Welt bei uns begr\u00fc\u00dfen. Es war immer anders aber jedesmal eine tolle Begegnung. Du willst unseren Hof und die Arbeit unseres Vereins kennenlernen? Du bist Mitglied bei WWoof? Dann melde dich einfach an. Wir machen uns einen Termin f\u00fcr deine Mithilfe am Hof aus. Um wirklich voneinender lernen zu k\u00f6nnen, ist es von Vorteil wenn du l\u00e4nger als eine Woche bleiben kannst.<\/p>\n\n\n\n<p>Du hast Interesse, praktische Erfahrungen in Theklasien zu sammeln?<br>Komm doch zu einem unserer Stammtische: <a href=\"https:\/\/www.theklasien.at\/neu\/veranstaltungen\/\" data-type=\"page\" data-id=\"13\">aktuelle Termine<\/a><\/p>\n","protected":false},"excerpt":{"rendered":"<p>WWoof bedeutet: &#8220;We`re Welcome on organic farms&#8221; und ist eine weltweite Bewegung von Freiwilligen, die auf Biologischen H\u00f6fen mithelfen und aus Gastfreundschaft Kost und Logis bekommen. Dabei ist der Austausch mit Menschen, ob Jung oder Alt, unterschiedlicher Kulturen und Sprachen aus verschiedenen L\u00e4ndern f\u00fcr beide Seiten fruchtend. Es k\u00f6nnen Erfahrungen in Land-und Forstwirtschaftlichen T\u00e4tigkeiten, in [&hellip;]<\/p>\n","protected":false},"author":1,"featured_media":0,"parent":0,"menu_order":0,"comment_status":"closed","ping_status":"closed","template":"","meta":{"footnotes":""},"class_list":["post-838","page","type-page","status-publish","hentry"],"jetpack_sharing_enabled":true,"_links":{"self":[{"href":"https:\/\/www.theklasien.at\/neu\/wp-json\/wp\/v2\/pages\/838","targetHints":{"allow":["GET"]}}],"collection":[{"href":"https:\/\/www.theklasien.at\/neu\/wp-json\/wp\/v2\/pages"}],"about":[{"href":"https:\/\/www.theklasien.at\/neu\/wp-json\/wp\/v2\/types\/page"}],"author":[{"embeddable":true,"href":"https:\/\/www.theklasien.at\/neu\/wp-json\/wp\/v2\/users\/1"}],"replies":[{"embeddable":true,"href":"https:\/\/www.theklasien.at\/neu\/wp-json\/wp\/v2\/comments?post=838"}],"version-history":[{"count":5,"href":"https:\/\/www.theklasien.at\/neu\/wp-json\/wp\/v2\/pages\/838\/revisions"}],"predecessor-version":[{"id":1765,"href":"https:\/\/www.theklasien.at\/neu\/wp-json\/wp\/v2\/pages\/838\/revisions\/1765"}],"wp:attachment":[{"href":"https:\/\/www.theklasien.at\/neu\/wp-json\/wp\/v2\/media?parent=838"}],"curies":[{"name":"wp","href":"https:\/\/api.w.org\/{rel}","templated":true}]}}