{"id":440,"date":"2022-10-01T10:04:37","date_gmt":"2022-10-01T08:04:37","guid":{"rendered":"https:\/\/www.theklasien.at\/neu\/?page_id=440"},"modified":"2023-01-27T10:17:47","modified_gmt":"2023-01-27T09:17:47","slug":"handwerk","status":"publish","type":"page","link":"https:\/\/www.theklasien.at\/neu\/handwerk\/","title":{"rendered":"Handwerk"},"content":{"rendered":"\n\n\n\n\n<p><br>Verschiedene Handwerks-Techniken anzubieten ist uns ein gro\u00dfes Anliegen. &#8220;Selbst ist die Frau\/Mann!&#8221; bedeutet einfach selbst L\u00f6sungen finden zu k\u00f6nnen, sein Geschick in verschiedenen Bereichen ausprobieren zu k\u00f6nnen, seine Talente zu finden oder einfach in einer netten Runde gemeinsam etwas anzufertigen. Die Freude, mit den eigenen H\u00e4nden etwas herzustellen, kann im Alltag sehr n\u00fctzlich und aufbauend sein. Beim Tun wird man merken, dass es oft nicht notwendig ist, st\u00e4ndig etwas zu kaufen oder im Internet zu bestellen. Um ein abwechslungsreiches Angebot anbieten zu k\u00f6nnen, laden wir gerne kretive Handwerker*Innen ein in Theklasien ihr K\u00f6nnen in Workshops oder Tagesseminaren weiterzugeben. <a href=\"https:\/\/www.theklasien.at\/neu\/veranstaltungen\/\" data-type=\"page\" data-id=\"13\">aktuelle Termine<\/a><\/p>\n","protected":false},"excerpt":{"rendered":"<p>Verschiedene Handwerks-Techniken anzubieten ist uns ein gro\u00dfes Anliegen. &#8220;Selbst ist die Frau\/Mann!&#8221; bedeutet einfach selbst L\u00f6sungen finden zu k\u00f6nnen, sein Geschick in verschiedenen Bereichen ausprobieren zu k\u00f6nnen, seine Talente zu finden oder einfach in einer netten Runde gemeinsam etwas anzufertigen. Die Freude, mit den eigenen H\u00e4nden etwas herzustellen, kann im Alltag sehr n\u00fctzlich und aufbauend [&hellip;]<\/p>\n","protected":false},"author":1,"featured_media":0,"parent":0,"menu_order":0,"comment_status":"closed","ping_status":"closed","template":"","meta":{"footnotes":""},"class_list":["post-440","page","type-page","status-publish","hentry"],"jetpack_sharing_enabled":true,"_links":{"self":[{"href":"https:\/\/www.theklasien.at\/neu\/wp-json\/wp\/v2\/pages\/440","targetHints":{"allow":["GET"]}}],"collection":[{"href":"https:\/\/www.theklasien.at\/neu\/wp-json\/wp\/v2\/pages"}],"about":[{"href":"https:\/\/www.theklasien.at\/neu\/wp-json\/wp\/v2\/types\/page"}],"author":[{"embeddable":true,"href":"https:\/\/www.theklasien.at\/neu\/wp-json\/wp\/v2\/users\/1"}],"replies":[{"embeddable":true,"href":"https:\/\/www.theklasien.at\/neu\/wp-json\/wp\/v2\/comments?post=440"}],"version-history":[{"count":25,"href":"https:\/\/www.theklasien.at\/neu\/wp-json\/wp\/v2\/pages\/440\/revisions"}],"predecessor-version":[{"id":1452,"href":"https:\/\/www.theklasien.at\/neu\/wp-json\/wp\/v2\/pages\/440\/revisions\/1452"}],"wp:attachment":[{"href":"https:\/\/www.theklasien.at\/neu\/wp-json\/wp\/v2\/media?parent=440"}],"curies":[{"name":"wp","href":"https:\/\/api.w.org\/{rel}","templated":true}]}}