{"id":438,"date":"2022-10-01T10:03:54","date_gmt":"2022-10-01T08:03:54","guid":{"rendered":"https:\/\/www.theklasien.at\/neu\/?page_id=438"},"modified":"2023-03-14T13:26:03","modified_gmt":"2023-03-14T12:26:03","slug":"hildegard-von-bingen-garten","status":"publish","type":"page","link":"https:\/\/www.theklasien.at\/neu\/hildegard-von-bingen-garten\/","title":{"rendered":"Hildegard von Bingen Garten"},"content":{"rendered":"\n\n\n\n\n<p><br>Ab Mai 2023 wird unser Garten um ein Thema erweitert. &#8220;Pflanzen der Hildegard von Bingen&#8221;.<\/p>\n\n\n\n<p>Einen Kr\u00e4utergarten anzulegen und zu erhalten erfordert kontinuierliches Tun und vor allem einen guten Plan.  Beim ersten Treffen werden wir den Garten besuchen und in der Theorie besprechen. Ein Workshop zur Zubereitung verschiedener Hildegard-Produkte wird im Jahresprogramm begleitend angeboten.<\/p>\n\n\n\n<figure class=\"wp-block-gallery has-nested-images columns-default is-cropped wp-block-gallery-1 is-layout-flex wp-block-gallery-is-layout-flex\">\n<figure class=\"wp-block-image size-large\"><img loading=\"lazy\" decoding=\"async\" width=\"1024\" height=\"1024\" data-id=\"1643\" src=\"https:\/\/www.theklasien.at\/neu\/wp-content\/uploads\/2023\/02\/jap-Quitte-11-1024x1024.jpg\" alt=\"\" class=\"wp-image-1643\" srcset=\"https:\/\/www.theklasien.at\/neu\/wp-content\/uploads\/2023\/02\/jap-Quitte-11-1024x1024.jpg 1024w, https:\/\/www.theklasien.at\/neu\/wp-content\/uploads\/2023\/02\/jap-Quitte-11-300x300.jpg 300w, https:\/\/www.theklasien.at\/neu\/wp-content\/uploads\/2023\/02\/jap-Quitte-11-150x150.jpg 150w, https:\/\/www.theklasien.at\/neu\/wp-content\/uploads\/2023\/02\/jap-Quitte-11-768x768.jpg 768w, https:\/\/www.theklasien.at\/neu\/wp-content\/uploads\/2023\/02\/jap-Quitte-11-1536x1536.jpg 1536w, https:\/\/www.theklasien.at\/neu\/wp-content\/uploads\/2023\/02\/jap-Quitte-11-2048x2048.jpg 2048w\" sizes=\"auto, (max-width: 1024px) 100vw, 1024px\" \/><figcaption class=\"wp-element-caption\">Quitte<\/figcaption><\/figure>\n\n\n\n<figure class=\"wp-block-image size-large\"><img loading=\"lazy\" decoding=\"async\" width=\"1024\" height=\"768\" data-id=\"761\" src=\"https:\/\/www.theklasien.at\/neu\/wp-content\/uploads\/2022\/10\/09-7-kraeuterspirale-9-1024x768.jpg\" alt=\"\" class=\"wp-image-761\" srcset=\"https:\/\/www.theklasien.at\/neu\/wp-content\/uploads\/2022\/10\/09-7-kraeuterspirale-9-1024x768.jpg 1024w, https:\/\/www.theklasien.at\/neu\/wp-content\/uploads\/2022\/10\/09-7-kraeuterspirale-9-300x225.jpg 300w, https:\/\/www.theklasien.at\/neu\/wp-content\/uploads\/2022\/10\/09-7-kraeuterspirale-9-768x576.jpg 768w, https:\/\/www.theklasien.at\/neu\/wp-content\/uploads\/2022\/10\/09-7-kraeuterspirale-9-1536x1152.jpg 1536w, https:\/\/www.theklasien.at\/neu\/wp-content\/uploads\/2022\/10\/09-7-kraeuterspirale-9.jpg 1984w\" sizes=\"auto, (max-width: 1024px) 100vw, 1024px\" \/><figcaption class=\"wp-element-caption\">Kr\u00e4uterspirale<\/figcaption><\/figure>\n<\/figure>\n\n\n\n<p>Der Hildegard von Bingen Garten erz\u00e4hlt mit seiner Sammlung an Heilkr\u00e4utern, Gem\u00fcse und Geh\u00f6lzen Geschichte und Geschichten. Wir erfahren N\u00fctzliches \u00fcber ihre wertvollen Inhaltsstoffe, \u00fcber die Sch\u00f6nheit ihrer Bl\u00fcten, Bl\u00e4tter und Fr\u00fcchte und genie\u00dfen s\u00fc\u00dfe bis herbe D\u00fcfte. Als lebendige Bibliothek die alle Geheimnisse der Pflanzen bewahrt, ist der Garten eine vielf\u00e4ltige Artenschutzoase. Dar\u00fcber hinaus soll er aber auch die symbolischen, kontemplativen und \u00e4sthetischen Bez\u00fcge zu Hildegards Naturverst\u00e4ndnis representieren. Dazu integrieren wir bereits vorhandene Garten-Elemente mit Neuen.<\/p>\n\n\n\n<p>Einmal im Monat gibt es einen fixen Termin f\u00fcr gemeinsames Garteln.  Es besteht auch die M\u00f6glichkeit, die Arbeit des Vereins durch eine <strong><a href=\"https:\/\/www.theklasien.at\/neu\/hildegard-von-bingen-kraeuter-garten\/\" data-type=\"page\" data-id=\"142\">Patenschaft<\/a><\/strong> zu unterst\u00fctzen.<br><\/p>\n\n\n\n<p><a href=\"https:\/\/www.theklasien.at\/neu\/veranstaltungen\/\" data-type=\"page\" data-id=\"13\">aktuelle Termine<\/a><\/p>\n","protected":false},"excerpt":{"rendered":"<p>Ab Mai 2023 wird unser Garten um ein Thema erweitert. &#8220;Pflanzen der Hildegard von Bingen&#8221;. Einen Kr\u00e4utergarten anzulegen und zu erhalten erfordert kontinuierliches Tun und vor allem einen guten Plan. Beim ersten Treffen werden wir den Garten besuchen und in der Theorie besprechen. Ein Workshop zur Zubereitung verschiedener Hildegard-Produkte wird im Jahresprogramm begleitend angeboten. Der [&hellip;]<\/p>\n","protected":false},"author":1,"featured_media":0,"parent":0,"menu_order":0,"comment_status":"closed","ping_status":"closed","template":"","meta":{"footnotes":""},"class_list":["post-438","page","type-page","status-publish","hentry"],"jetpack_sharing_enabled":true,"_links":{"self":[{"href":"https:\/\/www.theklasien.at\/neu\/wp-json\/wp\/v2\/pages\/438","targetHints":{"allow":["GET"]}}],"collection":[{"href":"https:\/\/www.theklasien.at\/neu\/wp-json\/wp\/v2\/pages"}],"about":[{"href":"https:\/\/www.theklasien.at\/neu\/wp-json\/wp\/v2\/types\/page"}],"author":[{"embeddable":true,"href":"https:\/\/www.theklasien.at\/neu\/wp-json\/wp\/v2\/users\/1"}],"replies":[{"embeddable":true,"href":"https:\/\/www.theklasien.at\/neu\/wp-json\/wp\/v2\/comments?post=438"}],"version-history":[{"count":13,"href":"https:\/\/www.theklasien.at\/neu\/wp-json\/wp\/v2\/pages\/438\/revisions"}],"predecessor-version":[{"id":1769,"href":"https:\/\/www.theklasien.at\/neu\/wp-json\/wp\/v2\/pages\/438\/revisions\/1769"}],"wp:attachment":[{"href":"https:\/\/www.theklasien.at\/neu\/wp-json\/wp\/v2\/media?parent=438"}],"curies":[{"name":"wp","href":"https:\/\/api.w.org\/{rel}","templated":true}]}}