{"id":32,"date":"2022-07-25T14:16:18","date_gmt":"2022-07-25T12:16:18","guid":{"rendered":"https:\/\/www.theklasien.at\/neu\/?page_id=32"},"modified":"2023-03-18T18:50:07","modified_gmt":"2023-03-18T17:50:07","slug":"monitoring-projekte","status":"publish","type":"page","link":"https:\/\/www.theklasien.at\/neu\/monitoring-projekte\/","title":{"rendered":"Vielfalt-Projekte"},"content":{"rendered":"\n<p> Der gesamte landwirtschaftliche Betrieb nimmt schon seit Beginn (1995) der F\u00f6rderperiode der AMA am \u00d6pul Programm teil. Als Permakultur-Projekt waren \u00f6kologisch wertvolle Fl\u00e4chen und Landschaftselemente im \u00d6PUL (\u00d6sterreichisches Programm f\u00fcr umweltgerechte Landwirtschaft) f\u00f6rderf\u00e4hig, aber mit Auflagen und zeitlicher Bindung, verbunden. Zum Beispiel mu\u00dfte ein fixer Tag als Beginn des Schnittzeitpunktes f\u00fcr Heu-Wiesen festgelgt werden. F\u00fcr \u00f6kologisch wertvolle Fl\u00e4chen z.B. ab 1. Juli. Dies l\u00e4\u00dft sich in der Realit\u00e4t oft schwer umsetzten da sich bereits deutliche klimatische Ver\u00e4nderungen abzeichneten und auch verschiedene Kriterien (H\u00f6henlage, Wetterbedingungen&#8230;) zu ber\u00fccksichtigen sind. Es kam vor, dass zwei Tage vor Schnittzeitpunkt das optimale Wetter gewesen w\u00e4re. (Wir brauchen mindestens drei supersch\u00f6ne Tage um bestes Kr\u00e4uter-Heu zu gewinnen). Danach war das Wetter oft wochenlang nicht geeignet, sodass die Qualit\u00e4t des Heu`s immer geringer wurde je sp\u00e4ter die M\u00f6glichkeit zum Ernten war. <\/p>\n\n\n\n<p>Diese Schwachstelle wurde vom \u00d6KL (\u00d6sterreichisches Kuratorium f\u00fcr Landtechnik und Landentwicklung) in Zusammenarbeit mit verschiedenen Umweltb\u00fcros, dem Landwirtschafts-Ministerium usw. aufgegriffen und Projekte zur Thematik erarbeitet. Seit 2007 gibt es das Monitoring &#8211; Projekt: &#8220;Landwirtinnen und Landwirte beobachten Pflanzen und Tiere&#8221;. Wir sind seit 2008 dabei, wobei ich, Thekla Raffezeder, auch die Monitoringbetreuung f\u00fcr O\u00d6 anvertraut bekam. Bei diesem Projekt beobachten Landwirtinnen und Landwirte aus ganz \u00d6sterreich auf ihren Wiesen die Entwicklung selten gewordener Pflanzen und Tiere. Mit den gesammelten Beobachtungsdaten kann gezeigt werden, wie sich Schnittzeitpunkt, Beweidungsintensit\u00e4t oder D\u00fcngung auf das Vorkommen der Tier und Pflanzenarten auswirken. Dieses Projekt war Grundlage f\u00fcr verschiedene Verbesserungen im Bereich Biodiversit\u00e4t und die Akzeptanz bei Landwirtinnen und Landwirten an Naturschutzmassnahmen teilzunehmen. Seither hat sich viel getan. Mehr Info auf www.biodiversitaetsmonitoring.at<\/p>\n\n\n\n<figure class=\"wp-block-gallery has-nested-images columns-default is-cropped wp-block-gallery-1 is-layout-flex wp-block-gallery-is-layout-flex\">\n<figure class=\"wp-block-image size-large\"><img loading=\"lazy\" decoding=\"async\" width=\"1024\" height=\"1024\" data-id=\"508\" src=\"https:\/\/www.theklasien.at\/neu\/wp-content\/uploads\/2022\/10\/Heuernte-Hand-Raffezeder-Thekla-1024x1024.jpg\" alt=\"\" class=\"wp-image-508\" srcset=\"https:\/\/www.theklasien.at\/neu\/wp-content\/uploads\/2022\/10\/Heuernte-Hand-Raffezeder-Thekla-1024x1024.jpg 1024w, https:\/\/www.theklasien.at\/neu\/wp-content\/uploads\/2022\/10\/Heuernte-Hand-Raffezeder-Thekla-300x300.jpg 300w, https:\/\/www.theklasien.at\/neu\/wp-content\/uploads\/2022\/10\/Heuernte-Hand-Raffezeder-Thekla-150x150.jpg 150w, https:\/\/www.theklasien.at\/neu\/wp-content\/uploads\/2022\/10\/Heuernte-Hand-Raffezeder-Thekla-768x768.jpg 768w, https:\/\/www.theklasien.at\/neu\/wp-content\/uploads\/2022\/10\/Heuernte-Hand-Raffezeder-Thekla-1536x1536.jpg 1536w, https:\/\/www.theklasien.at\/neu\/wp-content\/uploads\/2022\/10\/Heuernte-Hand-Raffezeder-Thekla-2048x2048.jpg 2048w\" sizes=\"auto, (max-width: 1024px) 100vw, 1024px\" \/><figcaption class=\"wp-element-caption\">Heuernte<\/figcaption><\/figure>\n\n\n\n<figure class=\"wp-block-image size-large\"><img loading=\"lazy\" decoding=\"async\" width=\"1024\" height=\"1024\" data-id=\"507\" src=\"https:\/\/www.theklasien.at\/neu\/wp-content\/uploads\/2022\/10\/Heuernte-Handarbeit-Raffezeder-Thekla-1024x1024.jpg\" alt=\"\" class=\"wp-image-507\" srcset=\"https:\/\/www.theklasien.at\/neu\/wp-content\/uploads\/2022\/10\/Heuernte-Handarbeit-Raffezeder-Thekla-1024x1024.jpg 1024w, https:\/\/www.theklasien.at\/neu\/wp-content\/uploads\/2022\/10\/Heuernte-Handarbeit-Raffezeder-Thekla-300x300.jpg 300w, https:\/\/www.theklasien.at\/neu\/wp-content\/uploads\/2022\/10\/Heuernte-Handarbeit-Raffezeder-Thekla-150x150.jpg 150w, https:\/\/www.theklasien.at\/neu\/wp-content\/uploads\/2022\/10\/Heuernte-Handarbeit-Raffezeder-Thekla-768x768.jpg 768w, https:\/\/www.theklasien.at\/neu\/wp-content\/uploads\/2022\/10\/Heuernte-Handarbeit-Raffezeder-Thekla-1536x1536.jpg 1536w, https:\/\/www.theklasien.at\/neu\/wp-content\/uploads\/2022\/10\/Heuernte-Handarbeit-Raffezeder-Thekla-2048x2048.jpg 2048w\" sizes=\"auto, (max-width: 1024px) 100vw, 1024px\" \/><figcaption class=\"wp-element-caption\">Viel Handarbeit<\/figcaption><\/figure>\n<\/figure>\n\n\n\n<p>Seit 2015 sind wir ENP-Betrieb (Ergebnisorientierter Naturschutz), seit 2022 gilt die Bezeichnung EBW (Ergebnisorientierte Bewirtschaftung) Wie der Name sagt, gibt es bei diesem Projekt mehr Selbstverantwortung f\u00fcr die\/den Landwirt*in, weniger verpflichtende Massnahmen. Die eigenen Massnahmen die zur Erreichung der gesetzten Ziele, die mit einem \u00d6kologen festgelegt wurden, werden dokumentiert und durch eine schonende Bewirtschaftung angestrebt.<\/p>\n\n\n\n<figure class=\"wp-block-gallery has-nested-images columns-default is-cropped wp-block-gallery-2 is-layout-flex wp-block-gallery-is-layout-flex\">\n<figure class=\"wp-block-image size-large\"><img loading=\"lazy\" decoding=\"async\" width=\"1024\" height=\"682\" data-id=\"1711\" src=\"https:\/\/www.theklasien.at\/neu\/wp-content\/uploads\/2023\/02\/Trichterspinne-6-1024x682.jpg\" alt=\"\" class=\"wp-image-1711\" srcset=\"https:\/\/www.theklasien.at\/neu\/wp-content\/uploads\/2023\/02\/Trichterspinne-6-1024x682.jpg 1024w, https:\/\/www.theklasien.at\/neu\/wp-content\/uploads\/2023\/02\/Trichterspinne-6-300x200.jpg 300w, https:\/\/www.theklasien.at\/neu\/wp-content\/uploads\/2023\/02\/Trichterspinne-6-768x511.jpg 768w, https:\/\/www.theklasien.at\/neu\/wp-content\/uploads\/2023\/02\/Trichterspinne-6-1536x1023.jpg 1536w, https:\/\/www.theklasien.at\/neu\/wp-content\/uploads\/2023\/02\/Trichterspinne-6-2048x1364.jpg 2048w\" sizes=\"auto, (max-width: 1024px) 100vw, 1024px\" \/><figcaption class=\"wp-element-caption\">Labyrinthspinne<\/figcaption><\/figure>\n\n\n\n<figure class=\"wp-block-image size-large\"><img loading=\"lazy\" decoding=\"async\" width=\"1024\" height=\"768\" data-id=\"1584\" src=\"https:\/\/www.theklasien.at\/neu\/wp-content\/uploads\/2023\/02\/Das-Pflanzteam-1024x768.jpg\" alt=\"\" class=\"wp-image-1584\" srcset=\"https:\/\/www.theklasien.at\/neu\/wp-content\/uploads\/2023\/02\/Das-Pflanzteam-1024x768.jpg 1024w, https:\/\/www.theklasien.at\/neu\/wp-content\/uploads\/2023\/02\/Das-Pflanzteam-300x225.jpg 300w, https:\/\/www.theklasien.at\/neu\/wp-content\/uploads\/2023\/02\/Das-Pflanzteam-768x576.jpg 768w, https:\/\/www.theklasien.at\/neu\/wp-content\/uploads\/2023\/02\/Das-Pflanzteam-1536x1152.jpg 1536w, https:\/\/www.theklasien.at\/neu\/wp-content\/uploads\/2023\/02\/Das-Pflanzteam-2048x1536.jpg 2048w\" sizes=\"auto, (max-width: 1024px) 100vw, 1024px\" \/><figcaption class=\"wp-element-caption\">Anlage Bienengarten<\/figcaption><\/figure>\n<\/figure>\n\n\n\n<p><strong>Naturschutz-Monitoring<\/strong><\/p>\n\n\n\n<p>2023. Beginn einer neuen F\u00f6rderperiode! Es wurde im Bereich Biodiversit\u00e4t viel erreicht. Dazu haben sicher auch die verschiedenen Monitoring &#8211; Projekte beigetragen. Landwirtinnen und Landwirte sind wichtige Multiplikatoren und Mithelfer*innen bei wissenschaftlichen Datensammlungen geworden. Ab diesem Jahr wird das zuvor beschriebene Projekt im \u00d6PUL integriert. Das \u00d6KL ist \u00f6sterreichweite Betreuungsstelle f\u00fcr Naturschutz-Monitoring (www.naturschutzmonitoring.at)<\/p>\n\n\n\n<p>Unser Betrieb nimmt seit diesem Jahr als Verein an verschiedenen Monitoring-Projekten teil. Mit der M\u00f6glichkeit f\u00fcr Landwirtinnen und Landwirte Vermittlungst\u00e4tigkeiten (Praxiswerkst\u00e4tten, F\u00fchrungen, Vielfalt am Betrieb, Vielfalt im Wald, Von Bauer zu Bauer, Von B\u00e4uerin zu B\u00e4uerin), mit Unterst\u00fctzung vom \u00d6KL, zu veranstalten, haben wir punkto Biodiversit\u00e4t bereits viel anzubieten. Ebenso sind Veranstaltungen f\u00fcr Interessierte zug\u00e4nglich, und ein wichtiger Beitrag zur allgemeinen Meinungsbildung und zum Kennenlernen einer nachhaltigen Witschaftsweise. <\/p>\n\n\n\n<p><strong>Biodiversit\u00e4ts-Monitoring<\/strong>  &#8211;  Extensivgr\u00fcnland<\/p>\n\n\n\n<p><strong>Ph\u00e4noflex <\/strong> &#8211;  Angewandte Ph\u00e4nologie<\/p>\n","protected":false},"excerpt":{"rendered":"<p>Der gesamte landwirtschaftliche Betrieb nimmt schon seit Beginn (1995) der F\u00f6rderperiode der AMA am \u00d6pul Programm teil. Als Permakultur-Projekt waren \u00f6kologisch wertvolle Fl\u00e4chen und Landschaftselemente im \u00d6PUL (\u00d6sterreichisches Programm f\u00fcr umweltgerechte Landwirtschaft) f\u00f6rderf\u00e4hig, aber mit Auflagen und zeitlicher Bindung, verbunden. Zum Beispiel mu\u00dfte ein fixer Tag als Beginn des Schnittzeitpunktes f\u00fcr Heu-Wiesen festgelgt werden. F\u00fcr [&hellip;]<\/p>\n","protected":false},"author":1,"featured_media":0,"parent":0,"menu_order":0,"comment_status":"closed","ping_status":"closed","template":"","meta":{"footnotes":""},"class_list":["post-32","page","type-page","status-publish","hentry"],"jetpack_sharing_enabled":true,"_links":{"self":[{"href":"https:\/\/www.theklasien.at\/neu\/wp-json\/wp\/v2\/pages\/32","targetHints":{"allow":["GET"]}}],"collection":[{"href":"https:\/\/www.theklasien.at\/neu\/wp-json\/wp\/v2\/pages"}],"about":[{"href":"https:\/\/www.theklasien.at\/neu\/wp-json\/wp\/v2\/types\/page"}],"author":[{"embeddable":true,"href":"https:\/\/www.theklasien.at\/neu\/wp-json\/wp\/v2\/users\/1"}],"replies":[{"embeddable":true,"href":"https:\/\/www.theklasien.at\/neu\/wp-json\/wp\/v2\/comments?post=32"}],"version-history":[{"count":6,"href":"https:\/\/www.theklasien.at\/neu\/wp-json\/wp\/v2\/pages\/32\/revisions"}],"predecessor-version":[{"id":1808,"href":"https:\/\/www.theklasien.at\/neu\/wp-json\/wp\/v2\/pages\/32\/revisions\/1808"}],"wp:attachment":[{"href":"https:\/\/www.theklasien.at\/neu\/wp-json\/wp\/v2\/media?parent=32"}],"curies":[{"name":"wp","href":"https:\/\/api.w.org\/{rel}","templated":true}]}}

<p> Der gesamte landwirtschaftliche Betrieb nimmt schon seit Beginn (1995) der Förderperiode der AMA am Öpul Programm teil. Als Permakultur-Projekt waren ökologisch wertvolle Flächen und Landschaftselemente im ÖPUL (Österreichisches Programm für umweltgerechte Landwirtschaft) förderfähig, aber mit Auflagen und zeitlicher Bindung, verbunden. Zum Beispiel mußte ein fixer Tag als Beginn des Schnittzeitpunktes für Heu-Wiesen festgelgt werden. Für ökologisch wertvolle Flächen z.B. ab 1. Juli. Dies läßt sich in der Realität oft schwer umsetzten da sich bereits deutliche klimatische Veränderungen abzeichneten und auch verschiedene Kriterien (Höhenlage, Wetterbedingungen&#8230;) zu berücksichtigen sind. Es kam vor, dass zwei Tage vor Schnittzeitpunkt das optimale Wetter gewesen wäre. (Wir brauchen mindestens drei superschöne Tage um bestes Kräuter-Heu zu gewinnen). Danach war das Wetter oft wochenlang nicht geeignet, sodass die Qualität des Heu`s immer geringer wurde je später die Möglichkeit zum Ernten war. </p>



<p>Diese Schwachstelle wurde vom ÖKL (Österreichisches Kuratorium für Landtechnik und Landentwicklung) in Zusammenarbeit mit verschiedenen Umweltbüros, dem Landwirtschafts-Ministerium usw. aufgegriffen und Projekte zur Thematik erarbeitet. Seit 2007 gibt es das Monitoring &#8211; Projekt: &#8220;Landwirtinnen und Landwirte beobachten Pflanzen und Tiere&#8221;. Wir sind seit 2008 dabei, wobei ich, Thekla Raffezeder, auch die Monitoringbetreuung für OÖ anvertraut bekam. Bei diesem Projekt beobachten Landwirtinnen und Landwirte aus ganz Österreich auf ihren Wiesen die Entwicklung selten gewordener Pflanzen und Tiere. Mit den gesammelten Beobachtungsdaten kann gezeigt werden, wie sich Schnittzeitpunkt, Beweidungsintensität oder Düngung auf das Vorkommen der Tier und Pflanzenarten auswirken. Dieses Projekt war Grundlage für verschiedene Verbesserungen im Bereich Biodiversität und die Akzeptanz bei Landwirtinnen und Landwirten an Naturschutzmassnahmen teilzunehmen. Seither hat sich viel getan. Mehr Info auf www.biodiversitaetsmonitoring.at</p>



<figure class="wp-block-gallery has-nested-images columns-default is-cropped wp-block-gallery-1 is-layout-flex wp-block-gallery-is-layout-flex">
<figure class="wp-block-image size-large"><img loading="lazy" decoding="async" width="1024" height="1024" data-id="508" src="https://www.theklasien.at/neu/wp-content/uploads/2022/10/Heuernte-Hand-Raffezeder-Thekla-1024x1024.jpg" alt="" class="wp-image-508" srcset="https://www.theklasien.at/neu/wp-content/uploads/2022/10/Heuernte-Hand-Raffezeder-Thekla-1024x1024.jpg 1024w, https://www.theklasien.at/neu/wp-content/uploads/2022/10/Heuernte-Hand-Raffezeder-Thekla-300x300.jpg 300w, https://www.theklasien.at/neu/wp-content/uploads/2022/10/Heuernte-Hand-Raffezeder-Thekla-150x150.jpg 150w, https://www.theklasien.at/neu/wp-content/uploads/2022/10/Heuernte-Hand-Raffezeder-Thekla-768x768.jpg 768w, https://www.theklasien.at/neu/wp-content/uploads/2022/10/Heuernte-Hand-Raffezeder-Thekla-1536x1536.jpg 1536w, https://www.theklasien.at/neu/wp-content/uploads/2022/10/Heuernte-Hand-Raffezeder-Thekla-2048x2048.jpg 2048w" sizes="auto, (max-width: 1024px) 100vw, 1024px" /><figcaption class="wp-element-caption">Heuernte</figcaption></figure>



<figure class="wp-block-image size-large"><img loading="lazy" decoding="async" width="1024" height="1024" data-id="507" src="https://www.theklasien.at/neu/wp-content/uploads/2022/10/Heuernte-Handarbeit-Raffezeder-Thekla-1024x1024.jpg" alt="" class="wp-image-507" srcset="https://www.theklasien.at/neu/wp-content/uploads/2022/10/Heuernte-Handarbeit-Raffezeder-Thekla-1024x1024.jpg 1024w, https://www.theklasien.at/neu/wp-content/uploads/2022/10/Heuernte-Handarbeit-Raffezeder-Thekla-300x300.jpg 300w, https://www.theklasien.at/neu/wp-content/uploads/2022/10/Heuernte-Handarbeit-Raffezeder-Thekla-150x150.jpg 150w, https://www.theklasien.at/neu/wp-content/uploads/2022/10/Heuernte-Handarbeit-Raffezeder-Thekla-768x768.jpg 768w, https://www.theklasien.at/neu/wp-content/uploads/2022/10/Heuernte-Handarbeit-Raffezeder-Thekla-1536x1536.jpg 1536w, https://www.theklasien.at/neu/wp-content/uploads/2022/10/Heuernte-Handarbeit-Raffezeder-Thekla-2048x2048.jpg 2048w" sizes="auto, (max-width: 1024px) 100vw, 1024px" /><figcaption class="wp-element-caption">Viel Handarbeit</figcaption></figure>
</figure>



<p>Seit 2015 sind wir ENP-Betrieb (Ergebnisorientierter Naturschutz), seit 2022 gilt die Bezeichnung EBW (Ergebnisorientierte Bewirtschaftung) Wie der Name sagt, gibt es bei diesem Projekt mehr Selbstverantwortung für die/den Landwirt*in, weniger verpflichtende Massnahmen. Die eigenen Massnahmen die zur Erreichung der gesetzten Ziele, die mit einem Ökologen festgelegt wurden, werden dokumentiert und durch eine schonende Bewirtschaftung angestrebt.</p>



<figure class="wp-block-gallery has-nested-images columns-default is-cropped wp-block-gallery-2 is-layout-flex wp-block-gallery-is-layout-flex">
<figure class="wp-block-image size-large"><img loading="lazy" decoding="async" width="1024" height="682" data-id="1711" src="https://www.theklasien.at/neu/wp-content/uploads/2023/02/Trichterspinne-6-1024x682.jpg" alt="" class="wp-image-1711" srcset="https://www.theklasien.at/neu/wp-content/uploads/2023/02/Trichterspinne-6-1024x682.jpg 1024w, https://www.theklasien.at/neu/wp-content/uploads/2023/02/Trichterspinne-6-300x200.jpg 300w, https://www.theklasien.at/neu/wp-content/uploads/2023/02/Trichterspinne-6-768x511.jpg 768w, https://www.theklasien.at/neu/wp-content/uploads/2023/02/Trichterspinne-6-1536x1023.jpg 1536w, https://www.theklasien.at/neu/wp-content/uploads/2023/02/Trichterspinne-6-2048x1364.jpg 2048w" sizes="auto, (max-width: 1024px) 100vw, 1024px" /><figcaption class="wp-element-caption">Labyrinthspinne</figcaption></figure>



<figure class="wp-block-image size-large"><img loading="lazy" decoding="async" width="1024" height="768" data-id="1584" src="https://www.theklasien.at/neu/wp-content/uploads/2023/02/Das-Pflanzteam-1024x768.jpg" alt="" class="wp-image-1584" srcset="https://www.theklasien.at/neu/wp-content/uploads/2023/02/Das-Pflanzteam-1024x768.jpg 1024w, https://www.theklasien.at/neu/wp-content/uploads/2023/02/Das-Pflanzteam-300x225.jpg 300w, https://www.theklasien.at/neu/wp-content/uploads/2023/02/Das-Pflanzteam-768x576.jpg 768w, https://www.theklasien.at/neu/wp-content/uploads/2023/02/Das-Pflanzteam-1536x1152.jpg 1536w, https://www.theklasien.at/neu/wp-content/uploads/2023/02/Das-Pflanzteam-2048x1536.jpg 2048w" sizes="auto, (max-width: 1024px) 100vw, 1024px" /><figcaption class="wp-element-caption">Anlage Bienengarten</figcaption></figure>
</figure>



<p><strong>Naturschutz-Monitoring</strong></p>



<p>2023. Beginn einer neuen Förderperiode! Es wurde im Bereich Biodiversität viel erreicht. Dazu haben sicher auch die verschiedenen Monitoring &#8211; Projekte beigetragen. Landwirtinnen und Landwirte sind wichtige Multiplikatoren und Mithelfer*innen bei wissenschaftlichen Datensammlungen geworden. Ab diesem Jahr wird das zuvor beschriebene Projekt im ÖPUL integriert. Das ÖKL ist österreichweite Betreuungsstelle für Naturschutz-Monitoring (www.naturschutzmonitoring.at)</p>



<p>Unser Betrieb nimmt seit diesem Jahr als Verein an verschiedenen Monitoring-Projekten teil. Mit der Möglichkeit für Landwirtinnen und Landwirte Vermittlungstätigkeiten (Praxiswerkstätten, Führungen, Vielfalt am Betrieb, Vielfalt im Wald, Von Bauer zu Bauer, Von Bäuerin zu Bäuerin), mit Unterstützung vom ÖKL, zu veranstalten, haben wir punkto Biodiversität bereits viel anzubieten. Ebenso sind Veranstaltungen für Interessierte zugänglich, und ein wichtiger Beitrag zur allgemeinen Meinungsbildung und zum Kennenlernen einer nachhaltigen Witschaftsweise. </p>



<p><strong>Biodiversitäts-Monitoring</strong>  &#8211;  Extensivgrünland</p>



<p><strong>Phänoflex </strong> &#8211;  Angewandte Phänologie</p>

<p>Der gesamte landwirtschaftliche Betrieb nimmt schon seit Beginn (1995) der Förderperiode der AMA am Öpul Programm teil. Als Permakultur-Projekt waren ökologisch wertvolle Flächen und Landschaftselemente im ÖPUL (Österreichisches Programm für umweltgerechte Landwirtschaft) förderfähig, aber mit Auflagen und zeitlicher Bindung, verbunden. Zum Beispiel mußte ein fixer Tag als Beginn des Schnittzeitpunktes für Heu-Wiesen festgelgt werden. Für [&hellip;]</p>
