{"id":24,"date":"2022-07-25T14:12:49","date_gmt":"2022-07-25T12:12:49","guid":{"rendered":"http:\/\/www.theklasien.at\/neu\/?page_id=24"},"modified":"2023-03-15T18:04:32","modified_gmt":"2023-03-15T17:04:32","slug":"biodiversitaet","status":"publish","type":"page","link":"https:\/\/www.theklasien.at\/neu\/biodiversitaet\/","title":{"rendered":"Biodiversit\u00e4t"},"content":{"rendered":"\n<p><strong>Wir sind Botschafter der Vielfalt<\/strong> und setzten uns f\u00fcr die Bewahrung der heimischen Tier-und Pflanzenwelt ein!<\/p>\n\n\n\n<p>Unser Anliegen ist, die in Jahrzehnten gewachsene, extensive Kulturlandschaft, die durch schonende Bewirtschaftung wie eine kleine Insel in einer naturnahen, waldreichen Landschaft entstanden ist, weiterhin zu pflegen und f\u00fcr nachfolgende Generationen zu erhalten. Mit geringstem maschinellen und hohem h\u00e4ndischen Einsatz entstanden wertvolle Lebensr\u00e4ume f\u00fcr Pflanzen und Tiere. Die Belohnung ist eine hohe Biodiversit\u00e4t, die es nur noch selten zu finden gibt. So leben hier zum Beispiel die in \u00d6sterreich sehr seltene Waldgrille, die Zwergmaus, die Lauchschrecke,&#8230;. und seltene Pflanzen wie Orchideenarten, Teufelsabbiss, Blutwurz und viele viele mehr.<\/p>\n\n\n\n<figure class=\"wp-block-gallery has-nested-images columns-default is-cropped wp-block-gallery-1 is-layout-flex wp-block-gallery-is-layout-flex\">\n<figure class=\"wp-block-image size-large\"><img loading=\"lazy\" decoding=\"async\" width=\"1024\" height=\"1024\" data-id=\"568\" src=\"https:\/\/www.theklasien.at\/neu\/wp-content\/uploads\/2022\/10\/Kleiner-Mitarbeiter-1024x1024.jpg\" alt=\"\" class=\"wp-image-568\" srcset=\"https:\/\/www.theklasien.at\/neu\/wp-content\/uploads\/2022\/10\/Kleiner-Mitarbeiter-1024x1024.jpg 1024w, https:\/\/www.theklasien.at\/neu\/wp-content\/uploads\/2022\/10\/Kleiner-Mitarbeiter-300x300.jpg 300w, https:\/\/www.theklasien.at\/neu\/wp-content\/uploads\/2022\/10\/Kleiner-Mitarbeiter-150x150.jpg 150w, https:\/\/www.theklasien.at\/neu\/wp-content\/uploads\/2022\/10\/Kleiner-Mitarbeiter-768x768.jpg 768w, https:\/\/www.theklasien.at\/neu\/wp-content\/uploads\/2022\/10\/Kleiner-Mitarbeiter-1536x1536.jpg 1536w, https:\/\/www.theklasien.at\/neu\/wp-content\/uploads\/2022\/10\/Kleiner-Mitarbeiter-2048x2048.jpg 2048w\" sizes=\"auto, (max-width: 1024px) 100vw, 1024px\" \/><figcaption class=\"wp-element-caption\">Bl\u00e4uling<\/figcaption><\/figure>\n\n\n\n<figure class=\"wp-block-image size-large\"><img loading=\"lazy\" decoding=\"async\" width=\"1024\" height=\"1024\" data-id=\"509\" src=\"https:\/\/www.theklasien.at\/neu\/wp-content\/uploads\/2022\/10\/Heuernte-Handarbeit-1-Raffezeder-Thekla-1024x1024.jpg\" alt=\"\" class=\"wp-image-509\" srcset=\"https:\/\/www.theklasien.at\/neu\/wp-content\/uploads\/2022\/10\/Heuernte-Handarbeit-1-Raffezeder-Thekla-1024x1024.jpg 1024w, https:\/\/www.theklasien.at\/neu\/wp-content\/uploads\/2022\/10\/Heuernte-Handarbeit-1-Raffezeder-Thekla-300x300.jpg 300w, https:\/\/www.theklasien.at\/neu\/wp-content\/uploads\/2022\/10\/Heuernte-Handarbeit-1-Raffezeder-Thekla-150x150.jpg 150w, https:\/\/www.theklasien.at\/neu\/wp-content\/uploads\/2022\/10\/Heuernte-Handarbeit-1-Raffezeder-Thekla-768x768.jpg 768w, https:\/\/www.theklasien.at\/neu\/wp-content\/uploads\/2022\/10\/Heuernte-Handarbeit-1-Raffezeder-Thekla-1536x1536.jpg 1536w, https:\/\/www.theklasien.at\/neu\/wp-content\/uploads\/2022\/10\/Heuernte-Handarbeit-1-Raffezeder-Thekla-2048x2048.jpg 2048w\" sizes=\"auto, (max-width: 1024px) 100vw, 1024px\" \/><figcaption class=\"wp-element-caption\">Heuarbeit<\/figcaption><\/figure>\n<\/figure>\n\n\n\n<p>Unser Hof liegt im Natura 2000 Europaschutzgebiet: Oberes Donautal &#8211; Aschachtal.<\/p>\n\n\n\n<figure class=\"wp-block-gallery has-nested-images columns-default is-cropped wp-block-gallery-2 is-layout-flex wp-block-gallery-is-layout-flex\">\n<figure class=\"wp-block-image size-large\"><img loading=\"lazy\" decoding=\"async\" width=\"1024\" height=\"1024\" data-id=\"1692\" src=\"https:\/\/www.theklasien.at\/neu\/wp-content\/uploads\/2023\/02\/Schloegener-Schlinge-1-1024x1024.jpg\" alt=\"\" class=\"wp-image-1692\" srcset=\"https:\/\/www.theklasien.at\/neu\/wp-content\/uploads\/2023\/02\/Schloegener-Schlinge-1-1024x1024.jpg 1024w, https:\/\/www.theklasien.at\/neu\/wp-content\/uploads\/2023\/02\/Schloegener-Schlinge-1-300x300.jpg 300w, https:\/\/www.theklasien.at\/neu\/wp-content\/uploads\/2023\/02\/Schloegener-Schlinge-1-150x150.jpg 150w, https:\/\/www.theklasien.at\/neu\/wp-content\/uploads\/2023\/02\/Schloegener-Schlinge-1-768x768.jpg 768w, https:\/\/www.theklasien.at\/neu\/wp-content\/uploads\/2023\/02\/Schloegener-Schlinge-1-1536x1536.jpg 1536w, https:\/\/www.theklasien.at\/neu\/wp-content\/uploads\/2023\/02\/Schloegener-Schlinge-1-2048x2048.jpg 2048w\" sizes=\"auto, (max-width: 1024px) 100vw, 1024px\" \/><figcaption class=\"wp-element-caption\">Schl\u00f6gener Schlinge<\/figcaption><\/figure>\n\n\n\n<figure class=\"wp-block-image size-large\"><img loading=\"lazy\" decoding=\"async\" width=\"1024\" height=\"768\" data-id=\"1699\" src=\"https:\/\/www.theklasien.at\/neu\/wp-content\/uploads\/2023\/02\/Stauf-2-1024x768.jpg\" alt=\"\" class=\"wp-image-1699\" srcset=\"https:\/\/www.theklasien.at\/neu\/wp-content\/uploads\/2023\/02\/Stauf-2-1024x768.jpg 1024w, https:\/\/www.theklasien.at\/neu\/wp-content\/uploads\/2023\/02\/Stauf-2-300x225.jpg 300w, https:\/\/www.theklasien.at\/neu\/wp-content\/uploads\/2023\/02\/Stauf-2-768x576.jpg 768w, https:\/\/www.theklasien.at\/neu\/wp-content\/uploads\/2023\/02\/Stauf-2-1536x1152.jpg 1536w, https:\/\/www.theklasien.at\/neu\/wp-content\/uploads\/2023\/02\/Stauf-2-2048x1536.jpg 2048w\" sizes=\"auto, (max-width: 1024px) 100vw, 1024px\" \/><figcaption class=\"wp-element-caption\">Aufgang zur Ruine Stauff<\/figcaption><\/figure>\n<\/figure>\n","protected":false},"excerpt":{"rendered":"<p>Wir sind Botschafter der Vielfalt und setzten uns f\u00fcr die Bewahrung der heimischen Tier-und Pflanzenwelt ein! Unser Anliegen ist, die in Jahrzehnten gewachsene, extensive Kulturlandschaft, die durch schonende Bewirtschaftung wie eine kleine Insel in einer naturnahen, waldreichen Landschaft entstanden ist, weiterhin zu pflegen und f\u00fcr nachfolgende Generationen zu erhalten. Mit geringstem maschinellen und hohem h\u00e4ndischen [&hellip;]<\/p>\n","protected":false},"author":1,"featured_media":0,"parent":0,"menu_order":0,"comment_status":"closed","ping_status":"closed","template":"","meta":{"footnotes":""},"class_list":["post-24","page","type-page","status-publish","hentry"],"jetpack_sharing_enabled":true,"_links":{"self":[{"href":"https:\/\/www.theklasien.at\/neu\/wp-json\/wp\/v2\/pages\/24","targetHints":{"allow":["GET"]}}],"collection":[{"href":"https:\/\/www.theklasien.at\/neu\/wp-json\/wp\/v2\/pages"}],"about":[{"href":"https:\/\/www.theklasien.at\/neu\/wp-json\/wp\/v2\/types\/page"}],"author":[{"embeddable":true,"href":"https:\/\/www.theklasien.at\/neu\/wp-json\/wp\/v2\/users\/1"}],"replies":[{"embeddable":true,"href":"https:\/\/www.theklasien.at\/neu\/wp-json\/wp\/v2\/comments?post=24"}],"version-history":[{"count":4,"href":"https:\/\/www.theklasien.at\/neu\/wp-json\/wp\/v2\/pages\/24\/revisions"}],"predecessor-version":[{"id":1785,"href":"https:\/\/www.theklasien.at\/neu\/wp-json\/wp\/v2\/pages\/24\/revisions\/1785"}],"wp:attachment":[{"href":"https:\/\/www.theklasien.at\/neu\/wp-json\/wp\/v2\/media?parent=24"}],"curies":[{"name":"wp","href":"https:\/\/api.w.org\/{rel}","templated":true}]}}