{"id":140,"date":"2022-07-29T09:43:06","date_gmt":"2022-07-29T07:43:06","guid":{"rendered":"https:\/\/www.theklasien.at\/neu\/?page_id=140"},"modified":"2023-03-18T11:58:24","modified_gmt":"2023-03-18T10:58:24","slug":"streuobstwiese","status":"publish","type":"page","link":"https:\/\/www.theklasien.at\/neu\/streuobstwiese\/","title":{"rendered":"Streuobstwiese"},"content":{"rendered":"\n<p> Unsere Streuobstwiesen setzen sich aus einem Altbestand und einem vor ca. 25 Jahren gepflanztem Jungbestand zusammen. Insgesamt k\u00f6nnen saisonal und im nat\u00fcrlichen Rhythmus der Natur ca. 120 St\u00fcck Obstb\u00e4ume beerntet werden. Die Zusammensetzung von vorwiegend alten Obstsorten ist nutzbar als Lagerobst, Mostobst, Wirtschaftsobst und Frischobst. Die Wiesen sind eingez\u00e4unt und werden von den Waldschafen in Wechselweide-Wirtschaft abgegrast. Ein Pflegeschnitt und der Abtransport des Schnittgutes wird in Handarbeit get\u00e4tigt. Alte, abgestorbene oder durch Natureinfl\u00fcsse gesch\u00e4digte B\u00e4ume bleiben als Vielfaltsb\u00e4ume im Bestand. So erfreuen sich Streuobstwiesenbesucher wie z.B. der Specht, Kleiber, Steinkauz, Blaumeisen, Siebenschl\u00e4fer, sogar verschiedene Fledermausarten, aber auch jede Menge K\u00e4fer, Hornissen, Wespen und Schmetterlinge \u00fcber Baumh\u00f6hlen und das Angebot von Totholz. <\/p>\n\n\n\n<figure class=\"wp-block-gallery has-nested-images columns-default is-cropped wp-block-gallery-1 is-layout-flex wp-block-gallery-is-layout-flex\">\n<figure class=\"wp-block-image size-large\"><img loading=\"lazy\" decoding=\"async\" width=\"1024\" height=\"682\" data-id=\"1729\" src=\"https:\/\/www.theklasien.at\/neu\/wp-content\/uploads\/2023\/02\/Winter-12-3-1024x682.jpg\" alt=\"\" class=\"wp-image-1729\" srcset=\"https:\/\/www.theklasien.at\/neu\/wp-content\/uploads\/2023\/02\/Winter-12-3-1024x682.jpg 1024w, https:\/\/www.theklasien.at\/neu\/wp-content\/uploads\/2023\/02\/Winter-12-3-300x200.jpg 300w, https:\/\/www.theklasien.at\/neu\/wp-content\/uploads\/2023\/02\/Winter-12-3-768x511.jpg 768w, https:\/\/www.theklasien.at\/neu\/wp-content\/uploads\/2023\/02\/Winter-12-3-1536x1023.jpg 1536w, https:\/\/www.theklasien.at\/neu\/wp-content\/uploads\/2023\/02\/Winter-12-3-2048x1364.jpg 2048w\" sizes=\"auto, (max-width: 1024px) 100vw, 1024px\" \/><\/figure>\n\n\n\n<figure class=\"wp-block-image size-large\"><img loading=\"lazy\" decoding=\"async\" width=\"768\" height=\"1024\" data-id=\"1572\" src=\"https:\/\/www.theklasien.at\/neu\/wp-content\/uploads\/2023\/02\/Birnbaum-3-768x1024.jpg\" alt=\"\" class=\"wp-image-1572\" srcset=\"https:\/\/www.theklasien.at\/neu\/wp-content\/uploads\/2023\/02\/Birnbaum-3-768x1024.jpg 768w, https:\/\/www.theklasien.at\/neu\/wp-content\/uploads\/2023\/02\/Birnbaum-3-225x300.jpg 225w, https:\/\/www.theklasien.at\/neu\/wp-content\/uploads\/2023\/02\/Birnbaum-3-1152x1536.jpg 1152w, https:\/\/www.theklasien.at\/neu\/wp-content\/uploads\/2023\/02\/Birnbaum-3-1536x2048.jpg 1536w, https:\/\/www.theklasien.at\/neu\/wp-content\/uploads\/2023\/02\/Birnbaum-3-1024x1365.jpg 1024w, https:\/\/www.theklasien.at\/neu\/wp-content\/uploads\/2023\/02\/Birnbaum-3-scaled.jpg 1920w\" sizes=\"auto, (max-width: 768px) 100vw, 768px\" \/><\/figure>\n<\/figure>\n\n\n\n<p>Die Pflege der Obstb\u00e4ume ist eine j\u00e4hrliche Winterarbeit. Jungb\u00e4ume erfahren einen Erziehungsschnitt und alte B\u00e4ume einen Pflegeschnitt. Wie man B\u00e4ume richtig schneidet wird in Baumschnittkursen angeboten. Den Streuobstbewohnern werden in Praxiswerkst\u00e4tten Nisthilfen angefertigt. Von den verschiedenen Obstsorten machen wir Fruchtaufstriche, S\u00e4fte, Most und erg\u00e4nzen unseren Speiseplan mit k\u00f6stlichem Frischobst.<\/p>\n\n\n\n<figure class=\"wp-block-gallery has-nested-images columns-default is-cropped wp-block-gallery-2 is-layout-flex wp-block-gallery-is-layout-flex\">\n<figure class=\"wp-block-image size-large\"><img loading=\"lazy\" decoding=\"async\" width=\"1024\" height=\"768\" data-id=\"1668\" src=\"https:\/\/www.theklasien.at\/neu\/wp-content\/uploads\/2023\/02\/Obstbaumbluete-Apfel-1024x768.jpg\" alt=\"\" class=\"wp-image-1668\" srcset=\"https:\/\/www.theklasien.at\/neu\/wp-content\/uploads\/2023\/02\/Obstbaumbluete-Apfel-1024x768.jpg 1024w, https:\/\/www.theklasien.at\/neu\/wp-content\/uploads\/2023\/02\/Obstbaumbluete-Apfel-300x225.jpg 300w, https:\/\/www.theklasien.at\/neu\/wp-content\/uploads\/2023\/02\/Obstbaumbluete-Apfel-768x576.jpg 768w, https:\/\/www.theklasien.at\/neu\/wp-content\/uploads\/2023\/02\/Obstbaumbluete-Apfel-1536x1152.jpg 1536w, https:\/\/www.theklasien.at\/neu\/wp-content\/uploads\/2023\/02\/Obstbaumbluete-Apfel-2048x1536.jpg 2048w\" sizes=\"auto, (max-width: 1024px) 100vw, 1024px\" \/><figcaption class=\"wp-element-caption\">Obstgarten in Bl\u00fcte<\/figcaption><\/figure>\n\n\n\n<figure class=\"wp-block-image size-large\"><img loading=\"lazy\" decoding=\"async\" width=\"1024\" height=\"768\" data-id=\"610\" src=\"https:\/\/www.theklasien.at\/neu\/wp-content\/uploads\/2022\/10\/Pfirsichbluete-Raffezeder-1024x768.jpg\" alt=\"\" class=\"wp-image-610\" srcset=\"https:\/\/www.theklasien.at\/neu\/wp-content\/uploads\/2022\/10\/Pfirsichbluete-Raffezeder-1024x768.jpg 1024w, https:\/\/www.theklasien.at\/neu\/wp-content\/uploads\/2022\/10\/Pfirsichbluete-Raffezeder-300x225.jpg 300w, https:\/\/www.theklasien.at\/neu\/wp-content\/uploads\/2022\/10\/Pfirsichbluete-Raffezeder-768x576.jpg 768w, https:\/\/www.theklasien.at\/neu\/wp-content\/uploads\/2022\/10\/Pfirsichbluete-Raffezeder-1536x1152.jpg 1536w, https:\/\/www.theklasien.at\/neu\/wp-content\/uploads\/2022\/10\/Pfirsichbluete-Raffezeder-2048x1536.jpg 2048w\" sizes=\"auto, (max-width: 1024px) 100vw, 1024px\" \/><figcaption class=\"wp-element-caption\">Pfirsichbl\u00fcte<\/figcaption><\/figure>\n<\/figure>\n\n\n\n<p> Die extensiven Streuobstwiesen z\u00e4hlen zu den vielfaltsreichsten Lebensr\u00e4umen Mitteleuropas. Mit den alten Obstsorten erhalten wir eine genetische Vielfalt und daher f\u00fcr \u00fcber 5000 Tier und Pflanzenarten kostbare Lebensr\u00e4ume.<\/p>\n\n\n\n<p>Wir sind bestrebt dieses wertvolle Kulturgut zu erhalten und zu pflegen. Wenn sie sich daf\u00fcr begeistern k\u00f6nnen und der Natur etwas gutes Tun wollen; mit ihrer Patenschaft unterst\u00fctzen sie dieses Anliegen. Damit k\u00f6nnen anfallende Arbeiten, aber auch der Ankauf junger B\u00e4ume finanziert werden. Sie helfen mit, den Kreislauf am Leben zu erhalten.<\/p>\n","protected":false},"excerpt":{"rendered":"<p>Unsere Streuobstwiesen setzen sich aus einem Altbestand und einem vor ca. 25 Jahren gepflanztem Jungbestand zusammen. Insgesamt k\u00f6nnen saisonal und im nat\u00fcrlichen Rhythmus der Natur ca. 120 St\u00fcck Obstb\u00e4ume beerntet werden. Die Zusammensetzung von vorwiegend alten Obstsorten ist nutzbar als Lagerobst, Mostobst, Wirtschaftsobst und Frischobst. Die Wiesen sind eingez\u00e4unt und werden von den Waldschafen in [&hellip;]<\/p>\n","protected":false},"author":1,"featured_media":0,"parent":0,"menu_order":0,"comment_status":"closed","ping_status":"closed","template":"","meta":{"footnotes":""},"class_list":["post-140","page","type-page","status-publish","hentry"],"jetpack_sharing_enabled":true,"_links":{"self":[{"href":"https:\/\/www.theklasien.at\/neu\/wp-json\/wp\/v2\/pages\/140","targetHints":{"allow":["GET"]}}],"collection":[{"href":"https:\/\/www.theklasien.at\/neu\/wp-json\/wp\/v2\/pages"}],"about":[{"href":"https:\/\/www.theklasien.at\/neu\/wp-json\/wp\/v2\/types\/page"}],"author":[{"embeddable":true,"href":"https:\/\/www.theklasien.at\/neu\/wp-json\/wp\/v2\/users\/1"}],"replies":[{"embeddable":true,"href":"https:\/\/www.theklasien.at\/neu\/wp-json\/wp\/v2\/comments?post=140"}],"version-history":[{"count":4,"href":"https:\/\/www.theklasien.at\/neu\/wp-json\/wp\/v2\/pages\/140\/revisions"}],"predecessor-version":[{"id":1796,"href":"https:\/\/www.theklasien.at\/neu\/wp-json\/wp\/v2\/pages\/140\/revisions\/1796"}],"wp:attachment":[{"href":"https:\/\/www.theklasien.at\/neu\/wp-json\/wp\/v2\/media?parent=140"}],"curies":[{"name":"wp","href":"https:\/\/api.w.org\/{rel}","templated":true}]}}